{"id":148009,"date":"2018-12-12T20:31:05","date_gmt":"2018-12-12T19:31:05","guid":{"rendered":"http:\/\/zakrasnejsivimperk.cz\/wp-content\/uploads\/2018\/12\/12\/vojensk\u00e9-v\u00e1noce-1996-1.jpg"},"modified":"2018-12-12T20:31:05","modified_gmt":"2018-12-12T19:31:05","slug":"vojenske-vanoce-1996-1","status":"inherit","type":"attachment","link":"https:\/\/zakrasnejsivimperk.cz\/?attachment_id=148009","title":{"rendered":"vojensk\u00e9 v\u00e1noce 1996 (1)"},"author":2,"featured_media":0,"comment_status":"open","ping_status":"closed","template":"","meta":[],"description":{"rendered":"<p class=\"attachment\"><a href='https:\/\/zakrasnejsivimperk.cz\/wp-content\/uploads\/2018\/12\/12\/vojensk\u00e9-v\u00e1noce-1996-1.jpg'><img loading=\"lazy\" decoding=\"async\" width=\"300\" height=\"194\" src=\"https:\/\/zakrasnejsivimperk.cz\/wp-content\/uploads\/2018\/12\/12\/vojensk\u00e9-v\u00e1noce-1996-1-300x194.jpg\" class=\"attachment-medium size-medium\" alt=\"\" srcset=\"https:\/\/zakrasnejsivimperk.cz\/wp-content\/uploads\/2018\/12\/12\/vojensk\u00e9-v\u00e1noce-1996-1-300x194.jpg 300w, https:\/\/zakrasnejsivimperk.cz\/wp-content\/uploads\/2018\/12\/12\/vojensk\u00e9-v\u00e1noce-1996-1-768x497.jpg 768w, https:\/\/zakrasnejsivimperk.cz\/wp-content\/uploads\/2018\/12\/12\/vojensk\u00e9-v\u00e1noce-1996-1-1024x663.jpg 1024w, https:\/\/zakrasnejsivimperk.cz\/wp-content\/uploads\/2018\/12\/12\/vojensk\u00e9-v\u00e1noce-1996-1-100x65.jpg 100w, https:\/\/zakrasnejsivimperk.cz\/wp-content\/uploads\/2018\/12\/12\/vojensk\u00e9-v\u00e1noce-1996-1-552x357.jpg 552w, https:\/\/zakrasnejsivimperk.cz\/wp-content\/uploads\/2018\/12\/12\/vojensk\u00e9-v\u00e1noce-1996-1-746x483.jpg 746w, https:\/\/zakrasnejsivimperk.cz\/wp-content\/uploads\/2018\/12\/12\/vojensk\u00e9-v\u00e1noce-1996-1-745x483.jpg 745w, https:\/\/zakrasnejsivimperk.cz\/wp-content\/uploads\/2018\/12\/12\/vojensk\u00e9-v\u00e1noce-1996-1.jpg 1100w\" sizes=\"(max-width: 300px) 100vw, 300px\" \/><\/a><\/p>\n"},"caption":{"rendered":""},"alt_text":"","media_type":"image","mime_type":"image\/jpeg","media_details":{"width":1100,"height":712,"file":"2018\/12\/12\/vojensk\u00e9-v\u00e1noce-1996-1.jpg","sizes":{"thumbnail":{"file":"vojensk\u00e9-v\u00e1noce-1996-1-150x150.jpg","width":150,"height":150,"mime_type":"image\/jpeg","source_url":"https:\/\/zakrasnejsivimperk.cz\/wp-content\/uploads\/2018\/12\/12\/vojensk\u00e9-v\u00e1noce-1996-1-150x150.jpg"},"medium":{"file":"vojensk\u00e9-v\u00e1noce-1996-1-300x194.jpg","width":300,"height":194,"mime_type":"image\/jpeg","source_url":"https:\/\/zakrasnejsivimperk.cz\/wp-content\/uploads\/2018\/12\/12\/vojensk\u00e9-v\u00e1noce-1996-1-300x194.jpg"},"medium_large":{"file":"vojensk\u00e9-v\u00e1noce-1996-1-768x497.jpg","width":768,"height":497,"mime_type":"image\/jpeg","source_url":"https:\/\/zakrasnejsivimperk.cz\/wp-content\/uploads\/2018\/12\/12\/vojensk\u00e9-v\u00e1noce-1996-1-768x497.jpg"},"large":{"file":"vojensk\u00e9-v\u00e1noce-1996-1-1024x663.jpg","width":1024,"height":663,"mime_type":"image\/jpeg","source_url":"https:\/\/zakrasnejsivimperk.cz\/wp-content\/uploads\/2018\/12\/12\/vojensk\u00e9-v\u00e1noce-1996-1-1024x663.jpg"},"featured-image":{"file":"vojensk\u00e9-v\u00e1noce-1996-1-700x357.jpg","width":700,"height":357,"mime_type":"image\/jpeg","source_url":"https:\/\/zakrasnejsivimperk.cz\/wp-content\/uploads\/2018\/12\/12\/vojensk\u00e9-v\u00e1noce-1996-1-700x357.jpg"},"post-thumbnail":{"file":"vojensk\u00e9-v\u00e1noce-1996-1-100x65.jpg","width":100,"height":65,"mime_type":"image\/jpeg","source_url":"https:\/\/zakrasnejsivimperk.cz\/wp-content\/uploads\/2018\/12\/12\/vojensk\u00e9-v\u00e1noce-1996-1-100x65.jpg"},"art-thumb":{"file":"vojensk\u00e9-v\u00e1noce-1996-1-100x65.jpg","width":100,"height":65,"mime_type":"image\/jpeg","source_url":"https:\/\/zakrasnejsivimperk.cz\/wp-content\/uploads\/2018\/12\/12\/vojensk\u00e9-v\u00e1noce-1996-1-100x65.jpg"},"art-wide":{"file":"vojensk\u00e9-v\u00e1noce-1996-1-326x159.jpg","width":326,"height":159,"mime_type":"image\/jpeg","source_url":"https:\/\/zakrasnejsivimperk.cz\/wp-content\/uploads\/2018\/12\/12\/vojensk\u00e9-v\u00e1noce-1996-1-326x159.jpg"},"art-big-1col":{"file":"vojensk\u00e9-v\u00e1noce-1996-1-326x235.jpg","width":326,"height":235,"mime_type":"image\/jpeg","source_url":"https:\/\/zakrasnejsivimperk.cz\/wp-content\/uploads\/2018\/12\/12\/vojensk\u00e9-v\u00e1noce-1996-1-326x235.jpg"},"art-slide-small":{"file":"vojensk\u00e9-v\u00e1noce-1996-1-326x406.jpg","width":326,"height":406,"mime_type":"image\/jpeg","source_url":"https:\/\/zakrasnejsivimperk.cz\/wp-content\/uploads\/2018\/12\/12\/vojensk\u00e9-v\u00e1noce-1996-1-326x406.jpg"},"art-slide-med":{"file":"vojensk\u00e9-v\u00e1noce-1996-1-700x357.jpg","width":700,"height":357,"mime_type":"image\/jpeg","source_url":"https:\/\/zakrasnejsivimperk.cz\/wp-content\/uploads\/2018\/12\/12\/vojensk\u00e9-v\u00e1noce-1996-1-700x357.jpg"},"art-slide-big":{"file":"vojensk\u00e9-v\u00e1noce-1996-1-1074x483.jpg","width":1074,"height":483,"mime_type":"image\/jpeg","source_url":"https:\/\/zakrasnejsivimperk.cz\/wp-content\/uploads\/2018\/12\/12\/vojensk\u00e9-v\u00e1noce-1996-1-1074x483.jpg"},"td_0x357":{"file":"vojensk\u00e9-v\u00e1noce-1996-1-552x357.jpg","width":552,"height":357,"mime_type":"image\/jpeg","source_url":"https:\/\/zakrasnejsivimperk.cz\/wp-content\/uploads\/2018\/12\/12\/vojensk\u00e9-v\u00e1noce-1996-1-552x357.jpg"},"td_0x483":{"file":"vojensk\u00e9-v\u00e1noce-1996-1-746x483.jpg","width":746,"height":483,"mime_type":"image\/jpeg","source_url":"https:\/\/zakrasnejsivimperk.cz\/wp-content\/uploads\/2018\/12\/12\/vojensk\u00e9-v\u00e1noce-1996-1-746x483.jpg"},"art-slidebig-main":{"file":"vojensk\u00e9-v\u00e1noce-1996-1-745x483.jpg","width":745,"height":483,"mime_type":"image\/jpeg","source_url":"https:\/\/zakrasnejsivimperk.cz\/wp-content\/uploads\/2018\/12\/12\/vojensk\u00e9-v\u00e1noce-1996-1-745x483.jpg"},"art-gal":{"file":"vojensk\u00e9-v\u00e1noce-1996-1-210x210.jpg","width":210,"height":210,"mime_type":"image\/jpeg","source_url":"https:\/\/zakrasnejsivimperk.cz\/wp-content\/uploads\/2018\/12\/12\/vojensk\u00e9-v\u00e1noce-1996-1-210x210.jpg"},"td_198x143":{"file":"vojensk\u00e9-v\u00e1noce-1996-1-198x143.jpg","width":198,"height":143,"mime_type":"image\/jpeg","source_url":"https:\/\/zakrasnejsivimperk.cz\/wp-content\/uploads\/2018\/12\/12\/vojensk\u00e9-v\u00e1noce-1996-1-198x143.jpg"},"full":{"file":"vojensk\u00e9-v\u00e1noce-1996-1.jpg","width":1100,"height":712,"mime_type":"image\/jpeg","source_url":"https:\/\/zakrasnejsivimperk.cz\/wp-content\/uploads\/2018\/12\/12\/vojensk\u00e9-v\u00e1noce-1996-1.jpg"}},"image_meta":{"aperture":"0","credit":"Picasa","camera":"","caption":"","created_timestamp":"1543693499","copyright":"","focal_length":"0","iso":"0","shutter_speed":"0","title":"","orientation":"0","keywords":[]}},"post":148008,"source_url":"https:\/\/zakrasnejsivimperk.cz\/wp-content\/uploads\/2018\/12\/12\/vojensk\u00e9-v\u00e1noce-1996-1.jpg","_links":{"self":[{"href":"https:\/\/zakrasnejsivimperk.cz\/index.php?rest_route=\/wp\/v2\/media\/148009"}],"collection":[{"href":"https:\/\/zakrasnejsivimperk.cz\/index.php?rest_route=\/wp\/v2\/media"}],"about":[{"href":"https:\/\/zakrasnejsivimperk.cz\/index.php?rest_route=\/wp\/v2\/types\/attachment"}],"author":[{"embeddable":true,"href":"https:\/\/zakrasnejsivimperk.cz\/index.php?rest_route=\/wp\/v2\/users\/2"}],"replies":[{"embeddable":true,"href":"https:\/\/zakrasnejsivimperk.cz\/index.php?rest_route=%2Fwp%2Fv2%2Fcomments&post=148009"}]}}

http://zakrasnejsivimperk.cz/wp-content/uploads/2018/12/12/vojenské-vánoce-1996-1.jpg

vojenské vánoce 1996 (1)

<p class="attachment"><a href='https://zakrasnejsivimperk.cz/wp-content/uploads/2018/12/12/vojenské-vánoce-1996-1.jpg'><img loading="lazy" decoding="async" width="300" height="194" src="https://zakrasnejsivimperk.cz/wp-content/uploads/2018/12/12/vojenské-vánoce-1996-1-300x194.jpg" class="attachment-medium size-medium" alt="" srcset="https://zakrasnejsivimperk.cz/wp-content/uploads/2018/12/12/vojenské-vánoce-1996-1-300x194.jpg 300w, https://zakrasnejsivimperk.cz/wp-content/uploads/2018/12/12/vojenské-vánoce-1996-1-768x497.jpg 768w, https://zakrasnejsivimperk.cz/wp-content/uploads/2018/12/12/vojenské-vánoce-1996-1-1024x663.jpg 1024w, https://zakrasnejsivimperk.cz/wp-content/uploads/2018/12/12/vojenské-vánoce-1996-1-100x65.jpg 100w, https://zakrasnejsivimperk.cz/wp-content/uploads/2018/12/12/vojenské-vánoce-1996-1-552x357.jpg 552w, https://zakrasnejsivimperk.cz/wp-content/uploads/2018/12/12/vojenské-vánoce-1996-1-746x483.jpg 746w, https://zakrasnejsivimperk.cz/wp-content/uploads/2018/12/12/vojenské-vánoce-1996-1-745x483.jpg 745w, https://zakrasnejsivimperk.cz/wp-content/uploads/2018/12/12/vojenské-vánoce-1996-1.jpg 1100w" sizes="(max-width: 300px) 100vw, 300px" /></a></p>

2018/12/12/vojenské-vánoce-1996-1.jpg

vojenské-vánoce-1996-1-150x150.jpg

https://zakrasnejsivimperk.cz/wp-content/uploads/2018/12/12/vojenské-vánoce-1996-1-150x150.jpg

vojenské-vánoce-1996-1-300x194.jpg

https://zakrasnejsivimperk.cz/wp-content/uploads/2018/12/12/vojenské-vánoce-1996-1-300x194.jpg

vojenské-vánoce-1996-1-768x497.jpg

https://zakrasnejsivimperk.cz/wp-content/uploads/2018/12/12/vojenské-vánoce-1996-1-768x497.jpg

vojenské-vánoce-1996-1-1024x663.jpg

https://zakrasnejsivimperk.cz/wp-content/uploads/2018/12/12/vojenské-vánoce-1996-1-1024x663.jpg

vojenské-vánoce-1996-1-700x357.jpg

https://zakrasnejsivimperk.cz/wp-content/uploads/2018/12/12/vojenské-vánoce-1996-1-700x357.jpg

vojenské-vánoce-1996-1-100x65.jpg

https://zakrasnejsivimperk.cz/wp-content/uploads/2018/12/12/vojenské-vánoce-1996-1-100x65.jpg

vojenské-vánoce-1996-1-326x159.jpg

https://zakrasnejsivimperk.cz/wp-content/uploads/2018/12/12/vojenské-vánoce-1996-1-326x159.jpg

vojenské-vánoce-1996-1-326x235.jpg

https://zakrasnejsivimperk.cz/wp-content/uploads/2018/12/12/vojenské-vánoce-1996-1-326x235.jpg

vojenské-vánoce-1996-1-326x406.jpg

https://zakrasnejsivimperk.cz/wp-content/uploads/2018/12/12/vojenské-vánoce-1996-1-326x406.jpg

vojenské-vánoce-1996-1-1074x483.jpg

https://zakrasnejsivimperk.cz/wp-content/uploads/2018/12/12/vojenské-vánoce-1996-1-1074x483.jpg

vojenské-vánoce-1996-1-552x357.jpg

https://zakrasnejsivimperk.cz/wp-content/uploads/2018/12/12/vojenské-vánoce-1996-1-552x357.jpg

vojenské-vánoce-1996-1-746x483.jpg

https://zakrasnejsivimperk.cz/wp-content/uploads/2018/12/12/vojenské-vánoce-1996-1-746x483.jpg

vojenské-vánoce-1996-1-745x483.jpg

https://zakrasnejsivimperk.cz/wp-content/uploads/2018/12/12/vojenské-vánoce-1996-1-745x483.jpg

vojenské-vánoce-1996-1-210x210.jpg

https://zakrasnejsivimperk.cz/wp-content/uploads/2018/12/12/vojenské-vánoce-1996-1-210x210.jpg

vojenské-vánoce-1996-1-198x143.jpg

https://zakrasnejsivimperk.cz/wp-content/uploads/2018/12/12/vojenské-vánoce-1996-1-198x143.jpg

vojenské-vánoce-1996-1.jpg

https://zakrasnejsivimperk.cz/wp-content/uploads/2018/12/12/vojenské-vánoce-1996-1.jpg
